t the prime factors of m(5).
2, 3
Let s(m) = -166*m - 102. What are the prime factors of s(-4)?
2, 281
Let n(t) = -104*t - 1. Let v be n(-1). Let i = v - -2. List the prime factors of i.
3, 5, 7
Suppose -388 = -2*v - 3*f + 215, 2*f = 4*v - 1166. What are the prime factors of v?
2, 3, 7
Let p(k) = 6*k**2 - 5*k + 3. Let d(r) = 3*r**3 + 2*r - 1. Let q be d(1). List the prime factors of p(q).
79
Let p(w) = -w**3 - w**2 - w - 99. Let v be p(0). Let a = -20 - v. List the prime factors of a.
79
Suppose 0 = 50*m - 44252 + 5452. What are the prime factors of m?
2, 97
Suppose -11 = -4*m + 25. List the prime factors of (-36)/m*57/(-4).
3, 19
List the prime factors of (-22330)/(-44) + -2 + (-3)/(-2).
3, 13
Suppose 3*m + 1 = 2*m, 2*m = -4*r - 10. Let u be (r + 2 + 0)/2. Suppose 5*h - 51 - 88 = -4*f, -3*h - 2*f + 83 = u. List the prime factors of h.
3
Let a(l) = -l**2 - 7*l + 8. Let n be a(-6). Let j = -12 + n. Suppose q + 5*y = 13, j*q + y - 4*y = 0. List the prime factors of q.
3
Let x(r) = -5*r + 6. Suppose 5*c + 9 = -16. What are the prime factors of x(c)?
31
Suppose 3*g + 2 = 2*g. Let p(m) = m**2. Let a be p(g). Suppose 71 = 3*u + c, 2*u - a*c = -0*c + 52. List the prime factors of u.
2, 3
Let v be 0/((1 + 1)/(-1)). Let j(t) = t**2 + 3*t + 32. Let l be j(v). List the prime factors of ((-60)/(-16))/(4/l).
2, 3, 5
Let r = -2555 - -5130. What are the prime factors of r?
5, 103
Let p = 6476 - 3574. What are the prime factors of p?
2, 1451
Suppose 5*v = -292 + 1147. List the prime factors of v.
3, 19
Suppose -1 = 9*p + 8. What are the prime factors of 223 - ((0 - -3)*p)/(-3)?
2, 3, 37
Let b(n) = 4*n**2 + 10*n - 3. Let x be b(6). Suppose -4*f - 2*v = -1038, -328 - x = -2*f + v. What are the prime factors of f?
2, 131
Let f(g) = 5*g**2 - 6*g + 124. What are the prime factors of f(-17)?
3, 557
Let o(b) = b**3 - 16*b**2 + 26*b - 19. What are the prime factors of o(15)?
2, 73
Let m = 129 + -266. Let i = -61 - m. What are the prime factors of i?
2, 19
Let c = -296 - -174. Let g = 53 + c. Let o = -46 - g. What are the prime factors of o?
23
Suppose -9*f + 6*f = -30. Suppose -2*c - 12 = 4*m, 2*m + c = 5*c - 16. Let d = f - m. What are the prime factors of d?
2, 7
Let c = 12 + -6. Let i be ((-6)/(-3))/(4/c). Suppose 6 = i*u + 5*x - 13, 4*u = x + 10. What are the prime factors of u?
3
Suppose 4*c = 5*l - 13790, 0 = -13*l + 15*l - 2*c - 5516. What are the prime factors of l?
2, 7, 197
Let s(u) = 11*u - 17. Let w be s(2). Suppose 3*l + w = 77. What are the prime factors of l?
2, 3
Let d(g) be the second derivative of 5*g**4/6 + g**3/6 - 11*g**2/2 + 38*g. List the prime factors of d(-4).
5, 29
Let p(a) = -a**3 + 18*a**2 + a. Suppose -3*s + 3*t = -t - 59, 7 = s + 5*t. Let j be p(s). Suppose -5*k + j + 19 = 0. List the prime factors of k.
5, 13
Suppose 77*y = 90*y - 11739. List the prime factors of y.
3, 7, 43
Let v(x) = -10*x + 4. Let f(k) = -k**2 - 9*k - 17. Let s be f(-5). Let j be 210/(-56) - s/(-4). What are the prime factors of v(j)?
2, 17
What are the prime factors of (-2)/((-22218)/(-2779) - 8)?
397
Suppose 0 = 5*q + w - 132, -2*w - 48 = 3*q - 5*q. Let x = -12 - -28. Let s = q - x. What are the prime factors of s?
2, 5
What are the prime factors of (-3514)/(-18) + (156/27 - 6)?
3, 5, 13
Let m(n) = 5*n**2 + n + 7. List the prime factors of m(5).
137
Suppose 0 = 5*g - 2*m + 6, -m + 5*m - 12 = -5*g. Suppose c + 2*c + 4*q - 17 = 0, g = 4*c + 5*q - 22. Suppose i - c = 13. List the prime factors of i.
2
Let h(y) = -6*y - 4. Let i = 27 + -33. Let k be h(i). Let x = k - 7. What are the prime factors of x?
5
List the prime factors of (-1233)/18*(4 - 10).
3, 137
Let g(t) be the third derivative of t**7/420 - t**5/6 - 2*t**2. Let l(y) be the third derivative of g(y). List the prime factors of l(3).
2, 3
Suppose 0 = 14*a - 2212 - 10598. List the prime factors of a.
3, 5, 61
Let w be 808/24 + (-2)/(-6). Let n = w - -39. What are the prime factors of n?
73
Let u = 664 - -204. List the prime factors of u.
2, 7, 31
Let l(r) = -105*r + 48. Let o(u) = 35*u - 16. Let s(x) = 6*l(x) + 17*o(x). What are the prime factors of s(-3)?
11
Let m = 0 - -1. Suppose -s + 20 = m. What are the prime factors of s?
19
Let f(k) = k**2 - 12*k. Let t be f(7). Let p = -58 - t. Let z = p + 35. What are the prime factors of z?
2, 3
What are the prime factors of 641 - 0 - (-427)/(-61)?
2, 317
Let c(z) = 86*z + z**2 + 34 - 175*z + 90*z + z**3. Suppose -10 = 3*i - 2*p, 0*i + i - 15 = -3*p. What are the prime factors of c(i)?
2, 17
Let o(t) = 2*t - 12. Let a be o(7). Let s(m) = a*m + 19*m - m + m. List the prime factors of s(1).
3, 7
Let o = -7 + 401. What are the prime factors of o?
2, 197
Let g(l) = l**2 - l + 4*l**2 - 4 + 3*l**2. List the prime factors of g(3).
5, 13
Suppose 5*b = -2*h + 4974, -3*h + 2*b + 8200 = 758. List the prime factors of h.
2, 17, 73
Suppose -2*m + 180 = -c + 3*c, -3*c + 3*m = -282. Suppose -k = 4*o + 7 - 52, 3*k - 121 = -5*o. Let g = c - k. List the prime factors of g.
5, 11
What are the prime factors of (-205 - -41)*1/(-2)?
2, 41
Let i(o) be the second derivative of o**5/20 - 11*o**4/12 - 3*o**3 + 21*o**2 + 26*o. List the prime factors of i(13).
2, 73
Suppose 7*g + 11 - 1446 = 0. What are the prime factors of g?
5, 41
Let f(w) = -w**3 + 11*w**2 + 4*w - 20. Let t be f(10). Suppose -3*c + t = -0*c. List the prime factors of c.
2, 5
Let p = 1238 - 713. What are the prime factors of p?
3, 5, 7
Suppose x = 1 - 16. Let m = x - -51. Suppose -t = 2*g - m - 1, 12 = -4*t. List the prime factors of g.
2, 5
Let b(w) = -w**2 + 6*w - 4. Let u be b(5). Let k = u - 1. Suppose -2*c + 6*c - 32 = k. What are the prime factors of c?
2
Let f = 269 + -233. List the prime factors of f.
2, 3
Suppose -2*y + 1037 = q, -y + 10*q = 12*q - 514. What are the prime factors of y?
2, 5, 13
Let y(r) = -r**2 + r - 8. Let f be y(0). Let i(t) = t**2 + 7*t - 5. Let c be i(f). Suppose 3*l = -0*l - 9, 3*l - c = -3*s. List the prime factors of s.
2
Suppose 6870*b - 6869*b = 5440. List the prime factors of b.
2, 5, 17
What are the prime factors of 18*(-2 + (4 - 201/(-9)))?
2, 3, 73
Let f(u) = 19*u**2 + 4*u - 53. What are the prime factors of f(7)?
2, 3, 151
Let r(t) = 47*t**2 + 2. Let z be (-2)/(1 + 4 + -4). Let j be r(z). Suppose j = 5*p - 65. List the prime factors of p.
3, 17
Let c(i) be the second derivative of i**5/20 - 3*i**4/2 + 31*i**3/6 + 10*i**2 + 11*i. What are the prime factors of c(16)?
2
Let n(u) = -u**3 + 20*u**2 - 23*u - 23. Let i be n(18). Suppose 12*h - i = 281. List the prime factors of h.
41
Suppose 2*d = 3*p - 305, 0 = -5*d - 6 - 14. What are the prime factors of p?
3, 11
Suppose 2*p = -5*v + 2*v + 8, 0 = -5*p - v + 20. What are the prime factors of 1/(3/180*p)?
3, 5
Let s = 544 - 304. Suppose 93 = -u + s. What are the prime factors of u?
3, 7
Suppose -4*m - 6 = 2*m. Let s be (3 - 1) + -63 - m. Let b = 91 + s. List the prime factors of b.
31
Let v(q) = -48*q + 282. What are the prime factors of v(-9)?
2, 3, 7, 17
Let i(h) be the second derivative of -3*h**5/20 - h**4/4 + h**3/2 - 3*h**2/2 + 4*h. What are the prime factors of i(-3)?
2, 3, 7
Let a be (-17 + 18)*(4 + 1). Suppose -2*j + 2*l + 3*l = 0, 19 = a*j - 3*l. Suppose 190 + 135 = j*b. List the prime factors of b.
5, 13
Let v = -50 - -200. Let s = v - 51. What are the prime factors of s?
3, 11
Let u = -3103 + 6366. What are the prime factors of u?
13, 251
Suppose -7*o = -8408 + 3025. What are the prime factors of o?
769
Suppose 0 = -272*c + 284*c - 22344. What are the prime factors of c?
2, 7, 19
List the prime factors of 9*((-8)/6 - (-856)/12).
2, 3, 5, 7
Let a = 9 - 7. Suppose 2*p = -3*r + 257, a*r = -3*r + p + 437. Suppose 5*y - r = 2*y. What are the prime factors of y?
29
Let n be (-62)/3*(-6)/4. Let a(l) = -l**2 + 9*l - 4. Let v be a(6). Let c = n + v. List the prime factors of c.
3, 5
List the prime factors of 8*(-12)/(-96)*2882.
2, 11, 131
Suppose -5*s + 5730 = -4*z, 0 = 4*s - 2*s + 4*z - 2292. List the prime factors of s.
2, 3, 191
Let h(m) = -m**3 - 68*m**2 + 62*m + 281. What are the prime factors of h(-69)?
2, 191
Let m be 0 + (-2)/(-2) + 7. List the prime factors of (6/m)/((-11)/(-1012)).
3, 23
Let h be ((0 + -2)*-3)/1. Suppose h*d + 246 = 8*d. List the prime factors of d.
3, 41
Suppose -248 = 8*b - 1408. What are the prime factors o